3 - 2*q**2 - 2*q - 1. Let t be m(3). Let b(o) = -o**3 + 6*o**2 - 9*o + 3. Let i be b(3). What is the units digit of i/t - (-47)/2?
5
Let m(x) = 3*x**2 + 6*x - 10. Let n = 13 - 10. What is the tens digit of m(n)?
3
Let g = -26 + 26. What is the tens digit of 1/((g - -1)/75)?
7
Let d(k) = -k**3 + 9*k**2 + 30*k - 6. What is the tens digit of d(-6)?
5
Suppose 5*q - 8 = -3*s - 3, -4*q + 6 = 2*s. Suppose q*c - 7 = 409. Suppose -7*j + 3*j = -c. What is the tens digit of j?
2
Let a be (0 - -3)/((-2)/(-8)*-6). What is the units digit of (-6)/a*(-927)/(-27)?
3
Let x be (63/(-42))/((-3)/32). What is the units digit of (x/(-5))/(6/(-285))?
2
Let h(x) = -3*x**2 + 116*x - 10. What is the units digit of h(19)?
1
Suppose 0 = 3*o - 10 + 16. What is the units digit of 4 + 127/o*-2?
1
Suppose -6*p = -3 - 3. Let c = -13 + p. What is the units digit of 0/(c/4) - -23?
3
Let l = -45 - -47. What is the tens digit of (31 - (1 + l)) + -4?
2
Suppose -a + 33 + 9 = 0. Let m = a - -85. What is the hundreds digit of m?
1
Let y = -852 - -2115. What is the thousands digit of y?
1
Let q(x) = x**3 + 3. Let r be q(0). Let f be ((-60)/(-10))/(r - 1). Let h(k) = 2*k. What is the units digit of h(f)?
6
Let u(k) = 410*k**2 - 38*k + 116. What is the hundreds digit of u(3)?
6
Let u be -6 - (0 + -3) - -10. Suppose -16 = -d - u. Let k(b) = b**3 - 8*b**2 - 5*b - 11. What is the tens digit of k(d)?
2
Suppose -3*i + 3*a = a - 180, 3*i + 4*a - 198 = 0. Let x = 236 - i. What is the tens digit of x?
7
Let j(t) = 88*t - 83. Let u(i) = -30*i + 28. Let s(h) = 4*j(h) + 11*u(h). What is the hundreds digit of s(14)?
2
Suppose -5*c = -c - 16. Suppose 0 = 2*g - c*n - 82 - 94, -2*n - 280 = -3*g. What is the tens digit of g?
9
Suppose 5*f - 2051 = -3*x, -2*f + 4*x + 1 = -835. Suppose 392 = 4*q - f. What is the tens digit of q?
0
Let s = 49 + 264. What is the units digit of s?
3
Let r(l) = -14*l - 21. What is the units digit of r(-3)?
1
Let r = -36 + 76. Suppose 6*h = -2*j + 2*h + 84, j - r = -h. What is the units digit of j?
8
Suppose 0 = 54*p - 55*p + 7. Suppose p*z - 4*z = 477. What is the hundreds digit of z?
1
Let c be (-5)/(-3)*(9 - 3). Suppose c*t - 15*t = 305. Let z = t + 129. What is the tens digit of z?
6
Let x(n) = -4*n + 4. Suppose 3*h = -h + 20. Suppose -h*w + 0*w = 60. What is the tens digit of x(w)?
5
Let r be 4 + 0 + 11/(-11). Suppose 0*z + 48 = r*z. What is the units digit of 28 + 4*4/z?
9
Let x = -960 + 1348. What is the hundreds digit of x?
3
Let w(b) = -2*b**3 - 11*b**2 + 18*b + 36. What is the hundreds digit of w(-12)?
6
Let t(u) = 11*u - 23. Let x be t(13). Suppose 5*j - 5*n - x = 0, 0*j = -4*j + n + 99. What is the tens digit of j?
2
Let g be (0/(-3))/(-1 - 1). What is the tens digit of 64 - (g + 20/(-5))?
6
Let g = -8 + 18. Suppose -g*m + 13*m = 114. What is the units digit of m?
8
Let c(n) = 5*n**2 - 16*n - 15. Suppose 102 = -2*x + 118. What is the hundreds digit of c(x)?
1
Let o be 2/(-3) - 5785/(-15). Let l = o + -168. What is the tens digit of l?
1
Let w = -560 - -863. What is the tens digit of w?
0
Suppose 5*z - 550 = -0*z. Let a = -29 + z. What is the tens digit of a?
8
Suppose -13 - 101 = -3*c. Let g(x) = 6*x**2 - 59*x - 20. Let d be g(10). Let w = c + d. What is the units digit of w?
8
Suppose 0 = 3*b + 1 - 7, -p - 3*b + 9 = 0. Let l(f) = -5 + 10 - f**2 - f + p*f - 13*f. What is the units digit of l(-11)?
5
Let r = 3786 + -1263. What is the hundreds digit of r?
5
Let y = -27 + 28. What is the units digit of y?
1
Let x = 412 - 79. Suppose 6*s - 3*c = 2*s - x, -5*s + c - 408 = 0. Let d = s + 118. What is the tens digit of d?
3
Suppose -p - 4*p = -4*j + 118, 5*p - 10 = 0. Let a = 1 - -3. Suppose -5*t - a*x = -122, -t + 3*x = -0*x - j. What is the tens digit of t?
2
Let y(r) = -r**3 + 13*r**2 + 30*r - 34. Let q be y(14). Let u = q + 1. What is the hundreds digit of u?
1
What is the units digit of 4198/22 - 4/(-22)?
1
Suppose -2*x = 2*f - 0*x + 216, -3*x = f + 112. Let g be (-1 + 2)/1 - 57. Let z = g - f. What is the tens digit of z?
5
Suppose -8*m + 107 = -6269. What is the hundreds digit of m?
7
Suppose 123*q + 5110 = 137*q. What is the units digit of q?
5
Let v = 7 - 7. Suppose v = -5*g + 1 + 14. Suppose -g*n - 30 = -4*n. What is the units digit of n?
0
Let c be ((-85)/(-10))/((-1)/2). Let h = c - -16. Let u = h + 19. What is the tens digit of u?
1
Suppose 130977 = s + 48*s. What is the thousands digit of s?
2
Let m be (18/4)/((-21)/28). Let z(q) = -20*q - 9. What is the tens digit of z(m)?
1
What is the units digit of (-10)/55 - (-6876)/66?
4
Let r be (15/20)/(3/(-48)). Let y(p) = -9*p + 9. What is the units digit of y(r)?
7
Suppose 70*s = 34*s + 35856. What is the tens digit of s?
9
Let r(i) = i**2 - i - 3. Let u be r(3). Suppose -u*k = 3*o - 117, 2*o - 22 = 3*k + 66. What is the tens digit of o?
4
Let j(b) = 5*b**2. Let t be -3*(-1 + (-8)/(-12)). Let q be j(t). What is the units digit of (1/3)/(q/15)?
1
Let y(o) = 2*o**3 - 14*o**2 - 9*o - 13. What is the units digit of y(10)?
7
What is the hundreds digit of 0/5 - -451 - 15/(-3)?
4
What is the tens digit of 2/(4/(3328/1668) - 2)?
1
Let u be (3 + -4)*-2*-3. What is the units digit of -1 - -138 - 24/u?
1
What is the units digit of (-28)/6*157440/(-896)?
0
What is the units digit of (-4)/(-48) - 49075/(-60)?
8
Suppose r = -4*r + 30. Suppose -i - h + 10 = i, 2*i - r = h. Suppose 3*j + 124 = 4*v + i*j, 0 = -3*v - j + 92. What is the units digit of v?
2
Let u(i) = i. Let v(o) = 8. Let b(m) = 2*u(m) + v(m). Let t = 15 - 9. What is the tens digit of b(t)?
2
Let w = 1364 + -791. What is the hundreds digit of w?
5
Let c = 1112 + -678. What is the units digit of c?
4
Let a(w) = -28*w**3 + 9*w**2 + 55*w - 12. What is the tens digit of a(-5)?
3
Let x(n) = -4*n + 4. Let k be x(-12). What is the tens digit of (k/(-6))/((-4)/108)?
3
Suppose 0 = 7*g - 5*g - 1412. What is the hundreds digit of g?
7
Suppose -2*o + 3*o = 2. Suppose -3*c + 6*c - 57 = y, -5*y - 25 = -o*c. Let f = c - 19. What is the units digit of f?
1
Let x(h) = -h + 546. What is the tens digit of x(0)?
4
Suppose 3*x - 10 = -2*x. Suppose -x*w - 198 = w. Let s = w + 112. What is the tens digit of s?
4
Let f be 921/4 - 1/4. Suppose -3*s = 2*s - f. What is the units digit of s?
6
Suppose 23*l - 4057 - 9421 = 0. What is the hundreds digit of l?
5
Suppose 2*y - 135 = -3*a + 429, 5*y - 555 = -3*a. Suppose 4*n - a = -30. Suppose i - n = -3*i. What is the tens digit of i?
1
Let q(n) = 22*n**3 - n**2 - 9*n + 17. What is the tens digit of q(5)?
9
Suppose -3*w = -3*t - 33, 6 + 0 = -2*t. Let c(f) = -f**2 - 3*f - 3. Let r(a) = 5*a**2 + 11*a + 13. Let j(d) = 9*c(d) + 2*r(d). What is the units digit of j(w)?
3
Suppose u + 144 - 514 = 0. Suppose -2*v = -5*y + u, -3*v - 56 = 3*y - 299. What is the units digit of y?
6
Let a = 288 + 117. What is the hundreds digit of a?
4
Suppose 6*s - g = 11*s - 1655, 5*s + 3*g = 1665. What is the hundreds digit of s?
3
Let o = -5 - 9. Let t be 1/(-3)*(14 + 7). What is the tens digit of 4/o - 142/t?
2
Let u be 1*(8/(-36) - (-986)/(-18)). Let f = 107 + u. What is the tens digit of f?
5
Let l be 4/3 - 16/12. Let s(p) = p**3 - p**2 + 2*p - 25. Let t be s(l). What is the units digit of (-2)/(-5)*t/(-10)?
1
Suppose -19 = -5*o - 5*h + 36, -2*h = 3*o - 35. Suppose -10*d = -o*d + 873. What is the tens digit of d?
9
Suppose -3*d + 1390 = -w + 232, -4*d + 1563 = 5*w. What is the hundreds digit of d?
3
Let v(m) = -m**3 + 12*m**2 + 2*m - 3. Let o be v(5). Suppose 8*z - o = 6*z. Suppose -2*t = -3*s - 3*t + z, 4 = t. What is the tens digit of s?
2
Suppose -22*u - 12 = -19*u. What is the units digit of 16/(-6)*18/u?
2
Suppose 0*v - 69 = -3*v. Let k = v + -18. Let z(b) = 8*b + 6. What is the units digit of z(k)?
6
Let a = 7737 - 4464. What is the units digit of a?
3
Suppose 7*t - 9 = 5. Suppose -t*z = -2*r + 220, 0*r - 322 = -3*r + z. What is the units digit of r?
6
Let h = -4 - 15. Let j = h - -15. Let x = j - -10. What is the units digit of x?
6
Suppose -4*q - 3 = -7, -2*q - 13 = -5*p. Suppose 5*x - p*x - 22 = 0. Let m(i) = 7*i - 6. What is the units digit of m(x)?
1
Suppose 0 = 2*j + s - 2105, -3*j = -7*j - s + 4209. What is the hundreds digit of j?
0
What is the hundreds digit of (-27)/(-6)*1832/12?
6
Let h(p) = 44*p + 10. Let a(m) = m**2 + 11*m + 20. Let u be a(-9).